j - 188 = -2*x, 29 = -j - 4*x. What is the units digit of 0 + 36 + j/15?
3
Let f = 127 + 3. What is the tens digit of f?
3
Let d be 4 - 1/(3 + -2). Suppose -3*s + 12 = -d. What is the units digit of s?
5
Let n(a) = a**3 - 16*a**2 + 23*a - 19. What is the units digit of n(16)?
9
Let g be 6/(-3)*17/2. Let x = 8 + g. What is the units digit of (2 - 5)/(3/x)?
9
Suppose 4*f - f - 5*s = 23, 2*f = 2*s + 10. Suppose -5*a - l + 38 = 0, 5*l - f = 4*a - 43. What is the units digit of a?
8
Let c(z) = -z**3 - z**2 - 4*z - 3. Let w = 1 + -3. Let t be c(w). What is the units digit of t/6*(-2)/(-3)?
1
Suppose -10*q + 75 = -7*q. What is the tens digit of q?
2
Let u(q) = -2*q + 11. What is the tens digit of u(-8)?
2
Let r(o) = o**2 - 2. Let b be r(2). Let h = -12 + b. What is the units digit of (-3)/(-9)*(-1 - h)?
3
Suppose 152 = 2*r + 5*w, w + 154 = 2*r + 5*w. What is the units digit of r?
1
Suppose a + 1 = 4. Suppose 0 = a*q + 5 - 11. Suppose 0 = -5*o, -q*n - o - 1 = -13. What is the units digit of n?
6
Let j(h) = h. Let t be j(4). Suppose 0 = 2*a - 4*m - 40, 0*m = t*a + 3*m - 25. What is the units digit of a?
0
Let k = 65 + 33. Let z = k + -70. Let b = z - 17. What is the tens digit of b?
1
Suppose -136 = -4*w + j, w - 5*w - 5*j + 160 = 0. What is the tens digit of w?
3
Let u(g) = g**3 + 4*g**2 + 3*g + 3. Let j be u(-3). Suppose -j*k + k + 54 = 0. What is the tens digit of k?
2
Let b(i) = i**3 - 17*i**2 + 19*i - 14. Suppose -4*h = -7*h + 48. What is the tens digit of b(h)?
3
Let v = 13 - 10. Let b(m) = 2*m**3 - m**2 + 4*m - 5. What is the tens digit of b(v)?
5
Let p = -3 + 3. Let h be (p*(-3)/(-6))/1. Suppose 0 = -h*j + 3*j - 9. What is the units digit of j?
3
Suppose 5 = 3*m + 23. Let t = 8 + m. What is the units digit of t?
2
Let r(m) be the third derivative of 4*m**5/5 - m**3/6 + 8*m**2. What is the tens digit of r(1)?
4
Let z(q) = q**2 - 7*q + 4. Let k be z(6). Suppose -5*o = 2 - 27. What is the units digit of (k - -1)/((-1)/o)?
5
Let y = 5 + -5. Suppose y*j = j - 27. What is the units digit of j?
7
Suppose y - 2*y = 0. What is the units digit of 0 + y/2 + 8?
8
Suppose 0 = -2*z - 6, 0*z = 3*i + 2*z - 324. What is the hundreds digit of i?
1
What is the units digit of 5181/27 + (-2)/(-18)?
2
Let v = 4 + 0. Suppose -s - 45 = -v*s. What is the tens digit of s?
1
Let q(g) = -16*g + 7. What is the tens digit of q(-3)?
5
Suppose -3*c - 12 = -r, 2*c - 8 = -5*r + 4*c. Let i(b) = 5*b**2 + 1. Let j be i(-1). Let y = j + r. What is the units digit of y?
6
Let i(v) = 45*v**3 - 3*v**2 + v + 1. What is the units digit of i(1)?
4
What is the units digit of (-680)/(-24) + (-2)/6?
8
Let o(h) = h**3 - 3*h**2 - h + 2. What is the tens digit of o(5)?
4
Suppose -b + 4*b - 147 = 5*h, -h = 0. What is the units digit of b?
9
Let n = -3 + 5. Suppose -n*o = o. Suppose 4*j = 4*p - 36, o = -0*j + j. What is the units digit of p?
9
Let g(r) = r**2 - 1. Let h(i) = 4*i**2 - 10*i - 7. Let l(b) = -5*g(b) + h(b). Suppose 4*p - 3 + 35 = 0. What is the units digit of l(p)?
4
Suppose 0 = 3*a - 6, -5*a = 6*z - z - 305. What is the units digit of z?
9
Suppose 0 = -4*i + 5*y - 2*y + 92, 0 = -i + 4*y + 36. What is the units digit of i?
0
Let q(s) be the third derivative of s**5/10 + s**4/24 - 4*s**2. Let v be q(-1). Suppose -30 = -2*m - v*y, 2*y + 25 = 2*m - 5. What is the units digit of m?
5
Let w = -35 + 52. What is the tens digit of w?
1
Let r be 3*((-16)/(-3))/(-4). Let x be (-2)/(3/9 + -1). What is the units digit of (9/(-2))/(x/r)?
6
Let b(s) = -70*s + 9. What is the units digit of b(-2)?
9
Suppose 5*y = 3*y + 14. Let r = y + -5. Suppose 6 = j - r. What is the units digit of j?
8
Suppose -3*u + 407 = -4*l + 5*l, -5*u = -2*l + 759. What is the units digit of l?
2
What is the units digit of 572/6 + (-4)/12?
5
What is the units digit of (-159)/(-4) - 5/(-20)?
0
Let v = -4 + 6. Let f(k) = 4*k**3 - k - 1. What is the units digit of f(v)?
9
Let b(a) = -2*a + 11. Suppose -2*m - 3*m = 35. What is the tens digit of b(m)?
2
Suppose -53 = -5*o - 13. What is the units digit of (o/(-5))/((-2)/10)?
8
Let u(b) = -b**2 - 9*b - 1. Let o be u(-9). Let f = 4 + o. Suppose -f*l = l - 16. What is the units digit of l?
4
Let n(l) = -l**3 - 7*l**2 - 9*l - 8. What is the tens digit of n(-6)?
1
Suppose -33 = 3*d + z, 0 = 3*z - 12 + 3. Let k = -6 - d. What is the units digit of ((-7)/((-7)/k))/1?
6
Suppose 22 = -2*q - 26. Let d = q - -55. What is the tens digit of d?
3
Let j = 52 - -24. What is the units digit of j?
6
Suppose -2*w = -4*l + 108, 278 - 98 = -4*w - l. Let r = -5 - w. What is the units digit of r?
1
Let m = 54 - 9. What is the tens digit of m?
4
Let a(v) = v**3 + 99. What is the tens digit of a(0)?
9
Let n be -2 - (-1 + (-2 - 1)). Let d(z) = 5*z**2 - 2*z + 2. What is the tens digit of d(n)?
1
Let q = -9 + -7. Let k = q - -25. What is the units digit of k?
9
Let z = -10 + 20. Let u = z - 5. What is the units digit of u?
5
Suppose 0 = 5*s + 87 - 622. What is the units digit of s?
7
Suppose -5*r = 25, 5*r - 30 = -z + 10. What is the units digit of z?
5
Let h(t) = 4 - 2 - 11 + t. Let j(w) = 4. Let m(f) = 2*h(f) + 5*j(f). What is the tens digit of m(5)?
1
Suppose 7*t = 10*t - 15. Suppose t*c - 34 - 51 = 0. What is the tens digit of c?
1
Suppose 4*q - 25 = -9. Suppose -3*n + q = -n. What is the units digit of n?
2
Let s = -5 + 9. Suppose -s*c + 0*c = -76. What is the units digit of c?
9
Let b(y) = -3*y + 7. What is the units digit of b(-5)?
2
What is the tens digit of -1*5*172/(-4)?
1
Let x(q) = -13*q**3 + 2*q - 1. Let f be x(1). Let a = f - -25. Suppose -3*y = -m - 25, -5*m + a = 2*y - 2*m. What is the units digit of y?
8
Suppose 2*a - 53 + 15 = -3*d, -a + 49 = 4*d. What is the tens digit of d?
1
Let o be 26 - (0 + 1 + 1). Suppose o = -5*u + 9. Let z = -1 - u. What is the units digit of z?
2
Suppose -o = -2*o + 9. Suppose -o*z = -4*z + 10. What is the units digit of 3/z*(-16)/6?
4
Suppose 7 = d - 18. What is the tens digit of d?
2
Let k = -9 + 0. Let z(t) = 5 + 0 + 0*t - 2*t - 8. What is the units digit of z(k)?
5
Suppose 2*q - 19 = 2*c - 3, -10 = 5*c + q. Let y(h) be the third derivative of -h**4/24 + h**3/2 - 13*h**2. What is the units digit of y(c)?
6
Suppose -2 = x + 1. Let p(l) = -l**3 - 4*l**2 - 2*l + 3. Let v be p(x). Suppose -4*f + v*f = -28. What is the units digit of f?
7
Suppose -4*s - 20 = -2*k, -2*k - s = -2 - 8. What is the units digit of (-6)/(-9)*225/k?
5
Let y be (8 - 8) + 1 + 1. Suppose -m = -3*u + 91, y*m - 159 = -4*u - u. What is the tens digit of u?
3
Let o be 1*(-126)/(-1 + -2). Let v be -2*(0 - o/4). Let d = v - 13. What is the units digit of d?
8
What is the units digit of -2 + (-658)/(-3) - 2/(-3)?
8
Let k = 24 + -19. Suppose 0 = 2*l - 5*r - 24, k*l - 2*r = 103 - 1. What is the tens digit of l?
2
Let z(f) = -7*f - 15. What is the tens digit of z(-6)?
2
Let u(t) be the second derivative of -t**5/20 + t**4/3 + t**3/3 - t**2 - 3*t. What is the tens digit of u(3)?
1
Let g(k) be the second derivative of k**3/2 + k. Let c be g(-1). Let j = 1 - c. What is the units digit of j?
4
Suppose -4*z + 18 = -0*z - x, 2*x - 4 = -2*z. Let o = z + -4. Suppose -2*f - w = -6, 3*w + 0*w = o. What is the units digit of f?
3
Let y be 2 - (0 - -3) - 0. Let j(h) = -8*h**3 - h**2 - 2*h - 1. Let p be j(y). Let g = p + -3. What is the units digit of g?
5
Let o = 265 - 124. What is the tens digit of o?
4
Let f be (10 - 0)*(-2 - -4). Suppose -191 = -5*s + 4*l, -3*s - 2*l + f = -77. Suppose o - 4 = 4*p, 0 = 5*o - 0*p - 5*p - s. What is the units digit of o?
8
Let x(a) = -a**3 - 13*a**2 - 13*a + 1. What is the tens digit of x(-12)?
1
Suppose -5*n - 1 + 11 = 0. Suppose -2*f = n*f - 76. What is the units digit of f?
9
Let j(m) = -m**3 - 5*m**2 + 3*m - 8. What is the tens digit of j(-7)?
6
Suppose 0 = 7*r - 3*r. Suppose r*w + 111 = 3*w. What is the units digit of w?
7
Suppose -306 = -5*l + 249. What is the tens digit of l?
1
Suppose 0 = 2*x - 0*x. Suppose 2*w + 5 - 13 = x. What is the units digit of w?
4
Suppose l - 6*l = -10. Suppose l*y + 0*y = 4. What is the units digit of y?
2
Suppose 8*r - 4*r - 96 = 0. What is the units digit of r?
4
Let z = 219 + -377. What is the tens digit of z/(-8) - (-6)/24?
2
Let s(r) = r + 4. Suppose 2 = -a - 5*g, -5*a - 3*g + 2*g = 34. Let j be s(a). Let n = j + 7. What is the units 